- 38*p + 66. Determine n(35).
-39
Let l(a) = -a**3 - 4*a**2 + 225*a + 35. Calculate l(-17).
-33
Let g(l) = -32*l - 640. Determine g(-20).
0
Let x(a) = -7*a**2 - 1763*a - 1502. Determine x(-251).
4
Let d(l) = -l**3 - 127*l**2 + 274*l + 2022. Give d(-129).
-42
Let u(y) = 8*y**2 - 12*y + 253. Calculate u(9).
793
Let u(d) = 28*d - 204. Determine u(19).
328
Let t(j) = -38*j - 1168. What is t(-31)?
10
Let n(z) = 315*z + 2828. Determine n(-9).
-7
Let c(r) = r**3 + 21*r**2 + 11*r + 23. Determine c(-19).
536
Let z(c) = -14*c**2 + 246*c + 1204. Calculate z(-5).
-376
Let v(y) = -y**3 + 99*y**2 - 106*y + 779. Calculate v(98).
-5
Let b(n) = -n**2 + 23*n - 61. Give b(16).
51
Let f(p) = 5*p + 38. Determine f(12).
98
Let q(k) = 119*k - 1674. Give q(14).
-8
Let l(h) = -4*h**3 - 11*h**2 + 14*h - 16. Determine l(-4).
8
Let k(o) = 25*o + 337. Determine k(-13).
12
Let j(h) = -8*h + 50. Give j(3).
26
Let c(o) = -236*o + 956. Determine c(4).
12
Let f(a) = -2*a**2 + 28*a + 12386. Calculate f(86).
2
Let r(j) = -j**2 + 24*j + 213. Give r(-7).
-4
Let y(i) = 23*i**2 - 1032*i + 76. Calculate y(45).
211
Let y(i) = 75*i - 2006. What is y(26)?
-56
Let t(y) = 24*y - 44. What is t(-8)?
-236
Let d(k) = 8*k**2 - 68*k - 33. Calculate d(10).
87
Let n(b) = -2*b**3 + 236*b**2 + 237*b - 214. What is n(119)?
-333
Let t(a) = -5*a + 297. Calculate t(53).
32
Let o(m) = 11*m + 334. Determine o(-29).
15
Let u(s) = 369*s + 1828. Give u(-5).
-17
Let j(n) = n**3 + n**2 - 2*n - 100. Determine j(0).
-100
Let t(q) = -34*q - 838. What is t(-21)?
-124
Let d(w) = 2*w**3 + 9*w**2 + 10*w + 35. Determine d(-7).
-280
Let l(v) = -v**3 + 7*v**2 + 24*v + 27. What is l(10)?
-33
Let t(q) = -21*q - 2742. Calculate t(-131).
9
Let k(i) = -2*i**3 + 217*i**2 + 1254*i - 36. Determine k(114).
-36
Let b(j) = j**3 + 29*j**2 + 8*j + 265. Calculate b(-29).
33
Let b(d) = -142*d + 436. Determine b(3).
10
Let k(n) = 6*n**2 + 231*n + 1679. Give k(-29).
26
Let n(f) = f**3 - 5*f**2 + 5*f - 17. Determine n(5).
8
Let c(n) = -2*n**3 - 27*n**2 + 25*n + 500. Calculate c(-13).
6
Let p(k) = -37*k + 438. What is p(7)?
179
Let k(x) = -x**2 - 117*x - 648. Give k(-6).
18
Let h(y) = 3619*y - 97712. Calculate h(27).
1
Let l(x) = -2*x**3 - 44*x**2 - 39*x + 49. Determine l(-21).
-14
Let j(a) = -3*a**2 + 64*a - 116. Determine j(20).
-36
Let z(u) = 4*u**3 - 216*u**2 - 3*u + 160. Give z(54).
-2
Let u(o) = -o**3 + o**2 - 106. What is u(-5)?
44
Let v(p) = p**2 + 15*p - 4. What is v(1)?
12
Let t(k) = -10*k**3 - 1152*k**2 + 928*k - 25. Calculate t(-116).
-25
Let g(f) = 126*f + 14. Determine g(0).
14
Let j(s) = -22*s**2 - 2622*s - 480. Calculate j(-119).
-4
Let k(a) = 2*a**3 - 23*a**2 + 46*a - 5. Give k(9).
4
Let m(q) = 24*q - 2308. Determine m(98).
44
Let k(i) = i**3 - 18*i**2 + 63*i - 21. Determine k(14).
77
Let y(v) = -85*v - 286. What is y(4)?
-626
Let x(o) = 30*o**2 + 20*o + 1. Give x(4).
561
Let y(i) = i**2 - 48*i - 1547. Give y(70).
-7
Let j(b) = b**3 + 11*b**2 + 12*b - 19. Give j(-8).
77
Let y(z) = -41*z - 859. Determine y(-19).
-80
Let p(w) = 99*w + 350. Determine p(-3).
53
Let c(t) = -t**2 + 714*t - 9806. Calculate c(14).
-6
Let l(m) = 10*m + 11. Determine l(-9).
-79
Let v(w) = 116*w + 1317. Determine v(-8).
389
Let x(f) = -389*f + 265. Determine x(1).
-124
Let b(n) = -24*n + 205. Give b(7).
37
Let y(d) = -d**3 + 4*d**2 + 8*d + 94. Calculate y(7).
3
Let v(l) = l**3 - 56*l**2 - 174*l - 171. Determine v(59).
6
Let n(x) = -5*x + 234. Give n(48).
-6
Let g(j) = j**3 + 28*j**2 + 12*j - 10. What is g(-28)?
-346
Let z(x) = x**3 + 3*x**2 - 14*x - 30. Determine z(-2).
2
Let x(r) = -43*r**2 + 895*r + 121. Determine x(21).
-47
Let b(w) = -3*w**3 + 4*w**2 + 37*w + 2. Determine b(-4).
110
Let p(r) = -r**2 + 93*r + 482. Calculate p(-5).
-8
Let y(a) = 3*a**3 - 24*a**2 + 170*a - 1330. What is y(8)?
30
Let a(l) = 8*l**3 - 4*l**2 + 4*l + 3. What is a(-1)?
-13
Let c(u) = -80*u - 15036. Calculate c(-188).
4
Let y(v) = 3703*v - 29637. Give y(8).
-13
Let u(a) = -a**3 + 19*a**2 - 101*a + 122. Calculate u(7).
3
Let y(j) = 93*j + 79. Calculate y(4).
451
Let f(a) = -14*a - 320. Calculate f(-16).
-96
Let k(o) = 75*o**2 + 7*o + 1. Give k(1).
83
Let f(q) = -q**3 - 3*q**2 - 202*q + 622. What is f(3)?
-38
Let g(w) = -2*w**2 - 26*w + 2266. Give g(-41).
-30
Let y(m) = 106*m - 1168. Give y(11).
-2
Let s(u) = -98*u + 9817. Determine s(100).
17
Let w(f) = f**3 + 35*f**2 - 111*f - 445. What is w(-38)?
-559
Let l(x) = -12*x**2 + 2*x - 91. What is l(5)?
-381
Let y(m) = 11*m**2 - 28*m + 134. Determine y(4).
198
Let g(t) = -t**3 + 18*t**2 + 17*t + 43. What is g(19)?
5
Let w(r) = -2*r**2 + 27*r - 24. Determine w(14).
-38
Let u(w) = 27*w + 110. Calculate u(6).
272
Let h(j) = -100*j - 259. Give h(-4).
141
Let m(x) = -33*x - 3682. Determine m(-112).
14
Let i(x) = -240*x**2 + 468*x + 23. Calculate i(2).
-1
Let t(g) = -400*g - 1193. Determine t(-3).
7
Let r(d) = -d**3 - 117*d**2 - 327*d + 49. Calculate r(-3).
4
Let n(p) = 486*p + 12148. Give n(-25).
-2
Let d(u) = -887*u - 30137. What is d(-34)?
21
Let x(q) = -q**3 - 17*q**2 + 8*q - 31. Determine x(-18).
149
Let o(b) = -194*b**2 + 3*b - 1. Determine o(1).
-192
Let m(w) = -w**2 + 21*w - 88. Determine m(5).
-8
Let f(y) = -37*y**3 - 61*y - 60. Determine f(-1).
38
Let o(x) = -x**3 + 15*x**2 - 5*x + 77. Determine o(15).
2
Let x(l) = 5*l**2 + 9*l + 24. Determine x(-6).
150
Let i(j) = 69*j - 830. What is i(12)?
-2
Let t(c) = -11*c**2 + 10*c - 12. Calculate t(3).
-81
Let h(s) = -20*s + 894. What is h(66)?
-426
Let f(b) = -1194*b + 11929. Give f(10).
-11
Let c(d) = -d**3 - 15*d**2 + 177*d + 2679. What is c(-14)?
5
Let f(x) = 3*x**3 - 3*x**2 - 9*x. What is f(-3)?
-81
Let y(q) = -q**3 + q**2 + 19*q. Calculate y(5).
-5
Let b(q) = -2*q**2 + 21*q - 43. Determine b(14).
-141
Let u(w) = 2*w**2 - 60*w + 149. Give u(28).
37
Let s(h) = 3*h**3 - 6*h**2 + h - 2. Give s(5).
228
Let g(v) = v**3 + 6*v**2 + 13*v + 45. Determine g(-4).
25
Let z(b) = -b**2 - 498*b + 1999. What is z(4)?
-9
Let v(l) = 205*l**2 - 5*l + 7. Determine v(1).
207
Let w(v) = v**2 + 11073*v + 55336. Calculate w(-5).
-4
Let j(n) = n**3 + 39*n**2 - 124*n + 153. Determine j(-42).
69
Let b(w) = 111*w**2 + w - 30. Calculate b(0).
-30
Let t(f) = 50*f**2 - 300*f - 4. Calculate t(5).
-254
Let u(a) = 714*a + 1437. Calculate u(-2).
9
Let s(b) = 3*b**2 + 2000*b - 4017. Calculate s(2).
-5
Let s(g) = -g**3 + 19*g**2 - 25*g + 922. What is s(20)?
22
Let w(n) = n**3 + 4*n**2 - 6*n + 21. Give w(-4).
45
Let t(g) = -42*g**2 - 15*g + 35. Calculate t(3).
-388
Let r(k) = 9*k**3 - 164*k**2 + 35*k + 4. Give r(18).
-14
Let a(k) = k**2 + 14*k - 45. Give a(3).
6
Let b(f) = -9*f - 90. Calculate b(-3).
-63
Let i(s) = -2*s**3 + 5*s**2 - 10*s + 15. What is i(5)?
-160
Let o(r) = r**2 - 11*r - 245. Determine o(24).
67
Let y(h) = -360*h**2 - 3601*h - 3. Give y(-10).
7
Let s(o) = -1448*o - 5629. Determine s(-4).
163
Let j(d) = -228*d + 22801. Give j(100).
1
Let b(f) = -17*f + 485. Give b(26).
43
Let n(h) = 33*h - 1651. Determine n(50).
-1
Let y(i) = i**2 - 15*i + 44. Calculate y(15).
44
Let n(i) = i**2 - 506*i + 3520. Give n(7).
27
Let w(c) = c**3 + 22*c**2 + 69*c + 1011. Determine w(-21).
3
Let a(x) = -36*x**2 + 9*x - 3. What is a(-2)?
-165
Let k(z) = 2668*z - 16001. What is k(6)?
7
Let u(a) = 213*a - 28742. Give u(135).
13
Let c(y) = 4*y**2 - 170*y + 951. What is c(36)?
15
Let i(l) = -10*l**3 - 79*l**2 + 102*l + 751. Give i(-8).
-1
Let v(j) = -10*j**2 - 148*j + 76. What is v(-15)?
46
Let r(x) = -289*x - 1439. What is r(-5)?
6
Let l(w) = -w**2 + 88*w - 1943. Determine l(43).
-8
Let c(m) = 2*m**3 - 66*m**2 + 3. Determine c(33).
3
Let f(s) = -2*s - 38. Calculate f(-50).
62
Let t(r) = -r**3 + 52*r**2 - 191*r + 70. What is t(48)?
118
Let y(s) = -7*s**2 + 38*s + 17. Calculate y(5).
32
Let r(u) = 192*u**2 - 7100*u - 73. Determine r(37).
75
Let b(v) = 46*v + 1985. Determine b(-43).
7
Let s(y) = -3*y**2 - 1371*y + 6916. What is s(5)?
-14
Let b(c) = 9*c**2 + 18. Give b(3).
99
Let b(x) = -106*x**3 + 956*x**2 - 10*x - 71. Determine b(9).
1
Let u(d) = 30*d - 1714. Determine u(52).
-154
Let l(c) = 2*c**2 - 196*c - 1486. What is l(105)?
-16
Let j(n) = -103*n + 254. Calculate j(3).
-55
Let l(q) = -5*q**2 + 199*q - 1242. Calculate l(6).
-228
Let s(q) = -q**3 + 27*q**2 - 85*q - 862. Give s(21).
-1
Let u(q) = 844*q + 2514. What is u(